 the highest common factor of 70 and k.
10
Let s = 753 - 682. Let f(x) = -3*x**2 + 7*x - 4. Let p be f(6). Let l = p + s. What is the highest common divisor of l and 2?
1
Let b = 471 - 391. Suppose -15 = -2*r - 3*r. Suppose -r*x + 100 = v, 2*v = 2*x - 2*v - 48. What is the highest common factor of b and x?
16
Suppose 21*c = 2*n + 17*c - 390, 4*c = -5*n + 961. Let h = 211 - n. Let b(i) = i**2 - 5*i + 6. Let t be b(4). Calculate the highest common divisor of t and h.
2
Let i = 63 + -23. Suppose 414 = 3*g - 939. Let x = 461 - g. Calculate the greatest common factor of x and i.
10
Suppose -168*z + 173*z = g - 14105, 28198 = 2*g + 2*z. What is the highest common factor of 423 and g?
141
Let q = 4039 + -3831. What is the highest common factor of q and 496?
16
Let v be ((-3)/(-2))/((-4)/(-8)) - -57. Suppose 9*z = 6*z + v. Calculate the greatest common divisor of z and 16.
4
Suppose s - 40 = -2. Let y(q) = -q**2 - 1. Let v(r) = -3*r**2 - 8. Let c(t) = -v(t) + y(t). Let z be c(-5). What is the highest common factor of z and s?
19
Suppose 2*c = 38*x - 41*x + 8100, 8088 = 2*c + 5*x. Calculate the greatest common divisor of 198 and c.
99
Let s(m) = 3*m**3 - 8*m**2 - 16*m + 9. Let r be s(4). What is the highest common divisor of 5598 and r?
9
Let h be ((-3141)/(-126) - (-6)/(-14))/((-5)/(-770)). Calculate the greatest common divisor of h and 22.
11
Let d = -1604 - -1615. Let f(v) = 55*v**3 + v**2 - 2*v + 1. Let c be (1/(-3))/(4/(-12)). Let j be f(c). Calculate the highest common divisor of j and d.
11
Let r = -10180 + 10210. Calculate the highest common divisor of 25590 and r.
30
Let t be 38*-76*77/(-88). Calculate the highest common factor of t and 532.
133
Suppose -477 = -m + 64*m - 73368. Calculate the highest common factor of 221 and m.
13
Suppose -161*i + 9520 = -178*i. Let a = -526 - i. Calculate the highest common divisor of 459 and a.
17
Let i be 2*(0 - 3/((-36)/2190)). Suppose 0 = -19*c + 376 + i. Let y = -7 - -33. Calculate the highest common factor of y and c.
13
Suppose 23270 = 5*n + 54*n - 13723. Calculate the greatest common factor of 88 and n.
11
Suppose 82100 = 4*l - 6*l + 27*l. What is the highest common divisor of l and 4?
4
Let w = -141 - -142. Suppose w = 2*s + 7, 0 = g - 4*s - 242. What is the highest common divisor of 10 and g?
10
Suppose 7*b - 365 = -5*q + 2*b, -q + b + 71 = 0. Suppose 0 = 4*i - 0*i - q. Let s = 288 + -270. What is the highest common factor of i and s?
18
Let o(p) = 27*p**2 + 160*p - 1300. Let b be o(8). What is the greatest common divisor of 56 and b?
28
Suppose -213*n - 37*n + 16008 = 98*n. What is the highest common factor of 128 and n?
2
Let q be (10/30)/(2/72). Suppose 0 = -2*j - j - q. Let g be j + 13 - 8/4. What is the highest common divisor of 49 and g?
7
Suppose 3*k + 26 = 32. Suppose -k*m + 2*b + 63 = -29, -2*b = 4*m - 184. Let x be (1*m)/(2/(-2 - -3)). Calculate the greatest common divisor of 184 and x.
23
Suppose -4*f + 5*g + 724 = 0, -2*g = -198*f + 195*f + 529. What is the greatest common divisor of 288 and f?
9
Let m = 337 + -334. Let x be (m*2/(-4))/(201/(-804)). What is the greatest common divisor of x and 42?
6
Suppose 0 = 37*r - 23*r - 224. Suppose -5*p + 373 = -27. Calculate the greatest common factor of p and r.
16
Suppose -f + 8 = 3. Suppose i = f*v + 52, 8*i + 2*v = 3*i + 314. Calculate the greatest common divisor of 93 and i.
31
Let j(g) = 10*g + 57. Let b be j(-4). Let l be 1/(-24)*-6 - (-611)/4. Calculate the highest common factor of l and b.
17
Let x be (25/(-2) + 4)*-6. Suppose 9*o - 528 = 84. What is the greatest common factor of x and o?
17
Let b = 32958 - 32930. Let w(o) = -2*o**2 + 2*o + 3. Let n be w(-2). Let g = -5 - n. Calculate the greatest common divisor of b and g.
4
Let k(v) = -6958*v - 55628. Let y be k(-8). Let l be 2/(-4)*(-16)/1. What is the highest common divisor of l and y?
4
Let p be (-384)/(-15)*(-31625)/(-1012). Let k = 102 - 52. What is the greatest common divisor of p and k?
50
Suppose -4*l = 5*b - 18, 5*b + 25*l - 27*l - 6 = 0. Suppose -b*g + 5*g - 57 = 0. Let d = -45 - -83. What is the greatest common factor of d and g?
19
Let x(k) = -5 + k**3 + 6*k**2 + 25*k - k**2 - 28*k. Let c be x(-5). Let a(m) = 9*m - 8. Let t be a(2). What is the greatest common divisor of c and t?
10
Suppose 63 = r - 31. Let i = r - 3. What is the greatest common divisor of 13 and i?
13
Let a = -264 - -266. Suppose -2*u + 472 = 6*o - 7*o, a*u + 5*o - 448 = 0. Calculate the greatest common divisor of u and 26.
26
Suppose -26*d - 1441 + 193 = 0. Let j be 3/(-8) + (39270/d)/(-11). What is the greatest common factor of j and 111?
37
Suppose -7945 = -141*o + 9925 - 950. What is the greatest common factor of o and 456?
24
Suppose -328 = -5*k + 362. Let q be (-25)/(-300) + (-284)/(-48). Calculate the greatest common factor of k and q.
6
Let i = -4582 - -11629. What is the highest common factor of i and 29?
29
Let m(l) = l**2 + 22*l - 930. Let r be m(22). Let v be 112 - ((-1)/(-1) - 3). Calculate the highest common factor of v and r.
38
Let t(l) = -l**2 - 75*l - 1153. Let m be t(-51). What is the highest common divisor of 8094 and m?
71
Let m = -5960 + 6527. Calculate the highest common factor of m and 42.
21
Let m(b) = 6*b - 46. Let s be m(8). Suppose 20 = -4*u - 0*u, -2*u = s*j - 66. What is the greatest common factor of j and 19?
19
Let h be 102*(28/(-8) - -4). Suppose 99 = 5*t - 2*m, 3*t - h = -m - 2*m. What is the greatest common divisor of 152 and t?
19
Let s(q) be the third derivative of -3*q**4/8 + 107*q**3/6 - 4*q**2 - 18. Let p be s(9). What is the highest common divisor of 2 and p?
2
Suppose d + 4*c = 98, -2*c - 122 = -d - 0*c. Suppose -6*t - 10 = -t, 0 = 2*l - t - d. What is the greatest common divisor of 63 and l?
7
Let t be 19968/(-9)*195/(-130). What is the greatest common divisor of 52 and t?
52
Let v be (-5 + 2)*((-35)/15 + 1). Suppose 0 = 5*m + 25, -v*k + 15 + 7 = 2*m. Calculate the greatest common divisor of k and 20.
4
Suppose 20*i - 324 = -34*i. Suppose i*s - 16 = -2*s. Calculate the greatest common factor of s and 58.
2
Suppose 2*k = 4*k + 3072 - 3108. Let t be (-6 - 6)*1*3. Let n = t + 60. What is the greatest common divisor of n and k?
6
Let r be ((-2)/(-3))/(-17*(-6)/1530). Calculate the highest common factor of r and 278.
2
Suppose 17*c = 38 + 506. Let z = 172 + c. Suppose 0 = -m + 5*m - 48. Calculate the greatest common divisor of m and z.
12
Let d = -77 - -48. Let g = d - -29. Suppose 0 = z - 5 - g. What is the greatest common divisor of 20 and z?
5
Suppose -38586 - 110214 = -100*d. Calculate the greatest common factor of d and 336.
48
Let x(y) = -y**3 + 25*y**2 + 2*y - 45. Let t be x(25). Suppose 2*s + 3*n - 14 = t, s - 5*n = 42. Calculate the highest common factor of s and 221.
17
Let v be 11*65 - (137 + -127). Calculate the greatest common factor of v and 75.
15
Suppose -1056 = 16*v - 4*v. Let f = 180 - v. Suppose k + 3*i - 76 = 0, 0*k - i = 3*k - f. Calculate the greatest common factor of 26 and k.
13
Suppose 216*x - 25*x = 110016. What is the highest common divisor of x and 9408?
192
Let v = -9001 - -9071. What is the greatest common divisor of 1660 and v?
10
Let j be (4 - (-20)/(-6))*(-945)/(-30). What is the greatest common divisor of 3801 and j?
21
Let t be ((-3289)/(-69))/((-6)/(-342)). What is the highest common divisor of t and 1235?
247
Let k(d) = -3*d + 32. Let b be k(10). Suppose -26 = 3*m - 3*x - 110, b*x = -2*m + 36. Let f = -104 - -219. Calculate the greatest common factor of f and m.
23
Let q = -532 + 791. Let b = q + -160. Let h be (-4)/(-2)*(-9)/(-2). Calculate the greatest common factor of h and b.
9
Suppose -3*a + 6*a - 636 = 0. Let y = a - 59. Let u = -85 + 94. Calculate the greatest common factor of u and y.
9
Let y(l) be the third derivative of l**5/60 + 19*l**4/12 + 257*l**3/6 + 120*l**2. Let i be y(-41). What is the highest common divisor of 152 and i?
76
Let c = -42 - -82. Suppose -5*g - 29 = 3*b, 4*b = 4*g + 2 + 2. Let z be 6/g*16/3*-1. Calculate the highest common factor of z and c.
8
Suppose -3*j = -7273 + 5017. Let z be 1/2 + 186/4. What is the highest common factor of z and j?
47
Suppose 0 = 25*y - 5*y - 1180. What is the highest common factor of 1652 and y?
59
Suppose -4*n - 12*b = -16*b - 64, 3*n = 5*b + 62. Let d = 293 - 167. What i